01?
2
What is the tens digit of 2963?
6
What is the units digit of 9478?
8
What is the hundred thousands digit of 148716?
1
What is the hundreds digit of 1169?
1
What is the ten thousands digit of 23248?
2
What is the hundreds digit of 12749?
7
What is the tens digit of 2447?
4
What is the hundreds digit of 499?
4
What is the units digit of 155?
5
What is the tens digit of 3331?
3
What is the thousands digit of 4153?
4
What is the hundreds digit of 688?
6
What is the thousands digit of 37432?
7
What is the ten thousands digit of 36488?
3
What is the thousands digit of 1788?
1
What is the units digit of 25945?
5
What is the hundreds digit of 1155?
1
What is the tens digit of 67444?
4
What is the units digit of 729?
9
What is the units digit of 3323?
3
What is the units digit of 17739?
9
What is the thousands digit of 2212?
2
What is the ten thousands digit of 12428?
1
What is the units digit of 1258?
8
What is the thousands digit of 5316?
5
What is the hundreds digit of 248?
2
What is the tens digit of 37443?
4
What is the tens digit of 2151?
5
What is the tens digit of 171152?
5
What is the tens digit of 12453?
5
What is the hundreds digit of 16819?
8
What is the hundreds digit of 1712?
7
What is the units digit of 1491?
1
What is the units digit of 1656?
6
What is the hundreds digit of 33564?
5
What is the units digit of 2896?
6
What is the units digit of 63349?
9
What is the tens digit of 12294?
9
What is the tens digit of 36527?
2
What is the units digit of 419?
9
What is the hundreds digit of 3421?
4
What is the thousands digit of 13042?
3
What is the thousands digit of 1836?
1
What is the hundreds digit of 1042?
0
What is the ten thousands digit of 42943?
4
What is the units digit of 483?
3
What is the hundreds digit of 20164?
1
What is the thousands digit of 22096?
2
What is the units digit of 4960?
0
What is the units digit of 1201?
1
What is the tens digit of 225?
2
What is the units digit of 20572?
2
What is the tens digit of 3032?
3
What is the tens digit of 4210?
1
What is the tens digit of 245?
4
What is the units digit of 825?
5
What is the tens digit of 628?
2
What is the hundreds digit of 1393?
3
What is the hundreds digit of 6090?
0
What is the hundreds digit of 1257?
2
What is the thousands digit of 17447?
7
What is the hundreds digit of 49191?
1
What is the units digit of 925?
5
What is the units digit of 8373?
3
What is the units digit of 2451?
1
What is the tens digit of 4000?
0
What is the thousands digit of 1791?
1
What is the tens digit of 5358?
5
What is the ten thousands digit of 44453?
4
What is the tens digit of 3232?
3
What is the units digit of 13?
3
What is the units digit of 294?
4
What is the tens digit of 346?
4
What is the hundred thousands digit of 109497?
1
What is the hundreds digit of 2542?
5
What is the tens digit of 1509?
0
What is the thousands digit of 8192?
8
What is the tens digit of 3753?
5
What is the tens digit of 2757?
5
What is the tens digit of 6749?
4
What is the units digit of 963?
3
What is the tens digit of 5301?
0
What is the tens digit of 2086?
8
What is the hundreds digit of 3465?
4
What is the tens digit of 508?
0
What is the ten thousands digit of 30050?
3
What is the tens digit of 330?
3
What is the hundreds digit of 253?
2
What is the units digit of 8766?
6
What is the hundreds digit of 15887?
8
What is the units digit of 26094?
4
What is the tens digit of 1021?
2
What is the units digit of 555?
5
What is the ten thousands digit of 68354?
6
What is the hundreds digit of 2136?
1
What is the units digit of 6853?
3
What is the tens digit of 426?
2
What is the thousands digit of 2699?
2
What is the hundreds digit of 31946?
9
What is the tens digit of 1972?
7
What is the hundreds digit of 411?
4
What is the ten thousands digit of 25668?
2
What is the units digit of 1425?
5
What is the thousands digit of 14629?
4
What is the thousands digit of 17225?
7
What is the tens digit of 5748?
4
What is the ten thousands digit of 15226?
1
What is the tens digit of 1882?
8
What is the units digit of 884?
4
What is the tens digit of 5448?
4
What is the units digit of 625?
5
What is the units digit of 46685?
5
What is the units digit of 2115?
5
What is the tens digit of 458?
5
What is the tens digit of 1713?
1
What is the units digit of 134?
4
What is the units digit of 27359?
9
What is the ten thousands digit of 13160?
1
What is the units digit of 11609?
9
What is the tens digit of 7442?
4
What is the hundreds digit of 5982?
9
What is the units digit of 4634?
4
What is the ten thousands digit of 43947?
4
What is the units digit of 6296?
6
What is the hundreds digit of 1106?
1
What is the thousands digit of 11731?
1
What is the tens digit of 1021?
2
What is the ten thousands digit of 71495?
7
What is the hundreds digit of 44374?
3
What is the thousands digit of 115892?
5
What is the tens digit of 67017?
1
What is the hundreds digit of 6703?
7
What is the units digit of 34768?
8
What is the hundreds digit of 591?
5
What is the units digit of 2030?
0
What is the tens digit of 1383?
8
What is the hundreds digit of 1217?
2
What is the units digit of 425?
5
What is the hundreds digit of 5585?
5
What is the units digit of 39822?
2
What is the thousands digit of 2884?
2
What is the tens digit of 18831?
3
What is the thousands digit of 45359?
5
What is the units digit of 9?
9
What is the hundreds digit of 1315?
3
What is the tens digit of 14890?
9
What is the units digit of 2656?
6
What is the units digit of 1314?
4
What is the hundreds digit of 1460?
4
What is the tens digit of 5095?
9
What is the units digit of 4625?
5
What is the hundreds digit of 31499?
4
What is the tens digit of 3329?
2
What is the tens digit of 581?
8
What is the thousands digit of 6062?
6
What is the units digit of 3828?
8
What is the tens digit of 1315?
1
What is the hundreds digit of 7513?
5
What is the ten thousands digit of 74232?
7
What is the thousands digit of 38041?
8
What is the tens digit of 9627?
2
What is the units digit of 62288?
8
What is the thousands digit of 6230?
6
What is the thousands digit of 1455?
1
What is the thousands digit of 7232?
7
What is the units digit of 1127?
7
What is the tens digit of 100933?
3
What is the hundreds digit of 4869?
8
What is the units digit of 8593?
3
What is the units digit of 22541?
1
What is the thousands digit of 3828?
3
What is the tens digit of 336?
3
What is the units digit of 1646?
6
What is the tens digit of 4581?
8
What is the hundreds digit of 1130?
1
What is the ten thousands digit of 73049?
7
What is the units digit of 1596?
6
What is the units digit of 907?
7
What is the thousands digit of 1071?
1
What is the tens digit of 7120?
2
What is the ten thousands digit of 22476?
2
What is the units digit of 4204?
4
What is the tens digit of 21296?
9
What is the units digit of 23756?
6
What is the hundreds digit of 946?
9
What is the thousands digit of 3311?
3
What is the hundreds digit of 1888?
8
What is the hundreds digit of 2395?
3
What is the units digit of 94?
4
What is the units digit of 10003?
3
What is the units digit of 15880?
0
What is the hundreds digit of 639?
6
What is the units digit of 1807?
7
What is the tens digit of 929?
2
What is the hundreds digit of 959?
9
What is the thousands digit of 13620?
3
What is the units digit of 1062?
2
What is the hundred thousands digit of 138439?
1
What is the units digit of 388?
8
What is the thousands digit of 19402?
9
What is the hundreds digit of 15560?
5
What is the thousands digit of 88640?
8
What is the tens digit of 23587?
8
What is the ten thousands digit of 12404?
1
What is the tens digit of 1261?
6
What is the thousands digit of 8466?
8
What is the tens digit of 544?
4
What is the thousands digit of 4792?
4
What is the units digit of 47343?
3
What is the hundreds digit of 686?
6
What is the ten thousands digit of 54282?
5
What is the tens digit of 6333?
3
What is the hundreds digit of 4969?
9
What is the hundreds digit of 97009?
0
What is the hundreds digit of 5923?
9
What is the tens digit of 51?
5
What is the units digit of 2367?
7
What is the thousands digit of 25290?
5
What is the tens digit of 10467?
6
What is the ten thousands digit of 37238?
3
What is the units digit of 6351?
1
What is the tens digit of 3379